 + 7. Suppose -s + 47 = -4*v, s - v = f*s - 235. What is the tens digit of s?
4
Suppose r + 4 = 0, 4*w + 3*r + 2*r = -20. Suppose 88 = 2*b - w*b. What is the tens digit of (1 + 0)*(5 + b)?
4
Suppose -4366 = -7*l + 1206. What is the tens digit of l?
9
What is the thousands digit of (3 + 5)*(-1169)/(-7)?
1
Suppose 5*l + 1095 = -2*a, 447 + 210 = -3*l - 3*a. Let y be (-12)/90 + l/45. What is the units digit of (-30)/75 + (-182)/y?
6
Suppose -17 = -t + 3*a, -a + 14 = 2*t - 2*a. Suppose t*w - 2*g = -0*g + 599, 0 = 2*w + 5*g - 228. What is the units digit of w?
9
Let q = 221 - 696. Let d = -258 - q. What is the hundreds digit of d?
2
Let s(r) = -r**3 - 5*r**2 - 4*r - 6. Let i be s(-4). Suppose p = 4*p + 9. What is the units digit of p/((-1)/(i/(-2)))?
9
Let p(q) = -q - 2. Suppose 0 = -2*x + 28 + 16. Suppose 0 = 4*j - 2*j + x. What is the units digit of p(j)?
9
Suppose -9 = -6*b + 3*b. Suppose b = -0*g + g. Suppose -5*a + 110 = -a - g*w, -2*a + 60 = w. What is the units digit of a?
9
Suppose 6*m + 776 = 5516. What is the tens digit of m?
9
Suppose 2*u - 5*u + 9 = 0. Let r(j) = 39*j - 4. What is the units digit of r(u)?
3
Suppose 13*d = 21*d - 13176. What is the tens digit of d?
4
Let t = 1033 - 1016. Let f = -3 - -2. Let h = f + t. What is the tens digit of h?
1
Let w(z) = 3*z + 192. Let x be w(0). Let i = x + -21. What is the hundreds digit of i?
1
Let v = -54 + -26. Let l = -44 - v. What is the tens digit of l?
3
Let q(n) = 2*n**2 - 8*n + 4. Let j be q(3). What is the units digit of ((-412)/(-8))/(j/(-4))?
3
Suppose -3*u - 758 = 4*a, -3*u + 157 = -5*a + 897. Let s be ((-2 - -1)*u)/2. Suppose 0*z - s = -5*z. What is the units digit of z?
5
What is the hundreds digit of 149391/165 - 6/15?
9
Suppose 0 = -4*t + 84 + 60. What is the tens digit of ((-6)/(-2) - (-4 - t))/1?
4
Let w = 245 + -53. Suppose 2*h - h = u - 57, -5*h = 4*u - w. What is the tens digit of u?
5
Let w = 7 - 5. Suppose j - w*q - 101 = 0, 3*j - 4*j + 92 = -5*q. What is the tens digit of j?
0
Let l = 1147 - 103. What is the hundreds digit of l?
0
Let s(b) = -b + 14. Let j be s(11). Suppose x = 4 - 2. Suppose m - 14 = 6*h - j*h, -2*h = -x*m + 24. What is the units digit of m?
1
Suppose -10 = -4*m + 14. Suppose 5*a + 5*c = 44 + 46, 0 = a - 2*c - m. Suppose -5*k = -7*k + a. What is the units digit of k?
7
Let r(c) = -c**3 + 11*c**2 + 2*c + 11. What is the units digit of r(11)?
3
Let l = 13 - 8. Suppose 2*i + 3 = l. Suppose 0 = 5*b + i - 21. What is the units digit of b?
4
Let f = -7 + 7. Suppose 0 = c - 1, f = 3*s + c - 1 - 6. Suppose -2*a + 3 = 4*u - 9, s*a - 4*u - 4 = 0. What is the units digit of a?
4
Let a(j) = -2*j**3 - 9*j**2 - 4*j + 9. Let q be a(-7). Suppose 2*d - q = -d. What is the tens digit of d?
9
Suppose -4*n = -106 + 22. What is the units digit of (190/(-14) + -1)/((-3)/n)?
2
Let z(b) = 9*b**3 + 10*b - 8. What is the hundreds digit of z(5)?
1
Suppose -11*m = -68*m + 171912. What is the thousands digit of m?
3
Let f(t) = -3*t**3 - 2*t**2 + 10*t - 11. What is the hundreds digit of f(-5)?
2
Suppose 3*p = -3*o + 12, -2*o + 14 = 3*p - 0*p. What is the units digit of ((-22)/8 - -1)*(-264)/p?
7
What is the thousands digit of ((-583)/(-22))/((-1)/(-156))?
4
Let m(n) = 15*n - 13. Let v(f) be the first derivative of 5*f**2/2 - 4*f - 3. Let r(p) = 6*m(p) - 17*v(p). What is the tens digit of r(6)?
2
Let x = -475 - -808. Suppose 2*p = 5*p - x. Suppose -4*j = 27 - p. What is the units digit of j?
1
Let l(q) = 2*q**3 - 8*q**2 - 145*q - 10. What is the thousands digit of l(13)?
1
Let y = -28 + 9. Let z = -15 - y. What is the units digit of z?
4
Suppose -11*f + 2292 = -5*f. Let j = f + -250. What is the units digit of j?
2
Let v = 8 + -6. Let u(r) = -9 - r**v + 3*r**2 + 2. What is the units digit of u(5)?
3
Suppose 3*a = -7*a + 4*a. Suppose n + 0*n - 3*t - 191 = a, 0 = -4*n + t + 753. What is the hundreds digit of n?
1
Let s(q) = 61*q + 6. Let l be s(2). Suppose -4*a + l = -0*a. Let o = -26 + a. What is the units digit of o?
6
Suppose 5*g + 0*v - 2*v + 11 = 0, 3*g + v = 0. Let s be (g + -4)*12/30. What is the tens digit of 3/((-9)/156*s)?
2
Let f(h) = h**2 + 10*h + 4. Let t be f(-10). Suppose -t*i = 9*i - 312. What is the units digit of i?
4
Suppose 0 = -7*r + 1120 + 2177. What is the hundreds digit of r?
4
Let b = -400 - -890. What is the hundreds digit of b?
4
Suppose 2*q - 18 - 2 = 0. What is the units digit of ((-1)/(2/(-2)))/(q/190)?
9
Suppose -4*d = -3*d - 20. Suppose -5*b + 3*x = x - 490, d = 4*x. What is the hundreds digit of b?
1
Let f(r) = r**3 + 19*r**2 + 10*r + 14. What is the tens digit of f(-18)?
5
Let q = 50 - 43. Suppose q*p - 246 = 4*p. What is the tens digit of p?
8
Let q(u) = -32*u**2 - 11 + 4 + 8. Let a be q(-1). Let p = a - -32. What is the units digit of p?
1
Suppose -3*a + a + 6 = 0. Suppose a*w = 162 + 150. What is the units digit of w?
4
Let n(q) = -4*q**2 + 16*q + 21. Let c(o) = -o + 11. Let z be c(4). Let l(j) = -9*j**2 + 33*j + 43. Let s(v) = z*n(v) - 3*l(v). What is the units digit of s(11)?
0
What is the units digit of (132/(-36))/(5/(-6810))?
4
Let d be -9*(2/8 - (-19)/(-12)). Let j = 118 + d. What is the units digit of j?
0
Suppose 0 = 4*x, 0 = 2*t + 3*x - 5*x - 10. Suppose 3*w - 429 = -4*s, 0 = t*s - 2*w + 7*w - 535. What is the hundreds digit of s?
1
Let z(i) = i**2 + 8*i - 7. Let h(x) = x**2 + 9*x - 6. Let y(l) = -5*h(l) + 6*z(l). What is the tens digit of y(-7)?
1
Let g = -49 + 72. Suppose 4*m = -2*f - 52, -2*f - 10 = -2*m - 30. Let o = m + g. What is the units digit of o?
1
Let n(w) = w + 7. Let x be n(-5). Suppose 0 = -3*y - 7 - x. Let c = y - -11. What is the units digit of c?
8
Let p = -106 + 100. What is the hundreds digit of (1/(15/(-2050)))/(p/9)?
2
Let v(t) = -328*t**3 + t**2 + 2*t + 2. What is the tens digit of v(-1)?
2
Let t(q) = 19*q - 30. Let x be t(7). Let m = x - 9. What is the tens digit of m?
9
Suppose -2*b + 319 - 63 = 0. What is the units digit of b?
8
Let u = 6 + 8. Suppose -4*z - 2 = 2*p + u, z + 10 = p. What is the tens digit of (-9)/z*670/15?
6
Let j = -3 + 8. Suppose -4*p - j*t = -3*p + 7, -3 = p + 3*t. Suppose k - p*s - 2*s = 20, 4*k - 2*s - 80 = 0. What is the units digit of k?
0
Suppose -7640 = -3*o + 1990. What is the units digit of o?
0
Let x = -45 + 42. What is the units digit of 3*(-259)/63*x/1?
7
Let b(x) = -x**2 + 7*x - 1. Let s be b(6). Suppose -s*l + 4*l + 13 = 0. Suppose -3*f + 119 + l = 0. What is the tens digit of f?
4
Suppose -3*q = -2*p - 336, 3*p = q - 126 + 14. What is the tens digit of q?
1
Let w be 882/(-24)*(-64)/12. Let y = 422 - w. What is the tens digit of y?
2
Suppose r - i + 413 - 1401 = 0, -3*r + i = -2958. What is the tens digit of r?
8
Suppose -6*s + 3*s - 4*h + 301 = 0, s = 4*h + 95. What is the tens digit of s?
9
Let u be 29 - (-1*(1 - -1) - -1). Let g = -20 + u. What is the tens digit of g?
1
What is the hundreds digit of (364/(-2))/(42/(-105))?
4
What is the tens digit of (1 + (-1)/2)/(43/90730)?
5
Let g(a) = -a**2 + 10*a - 1. Let t be g(10). Let k(o) = -98*o**3 - 2*o**2 + 1. What is the tens digit of k(t)?
9
Suppose 3*z + 84 = -4*x, 105 = -5*x - 0*x + 5*z. Let b be (-383)/(-7) + (-6)/x. Suppose b = -3*g + 163. What is the units digit of g?
6
Let q(a) = a**3 + 11*a**2 + 2*a + 21. Let f be q(-11). What is the tens digit of ((-8)/(-12))/(f/(-21))?
1
Suppose x + x = 8. Suppose 0 = -3*k - x*k + 98. What is the tens digit of 76/6*21/k?
1
Let h = 9317 - 6611. What is the thousands digit of h?
2
What is the hundreds digit of (1 + 0)*(-35200)/(-50)?
7
Suppose -4*d + 15 = 7. Suppose 0 = 2*c - d - 286. Suppose 86 = 5*x - c. What is the units digit of x?
6
What is the hundreds digit of (1062/8)/(606/12928)?
8
Let w = 35 + -33. Suppose -w*v - 4*z + 19 = -v, -6 = -3*z. What is the tens digit of v?
1
Suppose -4*x + 692 = 4*f - 5*x, 0 = 2*f + x - 340. Let g = f - 69. What is the units digit of g?
3
Let i(q) = 2*q - 2. Let k be i(3). Let n be (-1)/k*(-1 + -27). Suppose -2*x + 3 = -n. What is the units digit of x?
5
Suppose -25*t = -29*t + 116. Suppose 12*u + t = 233. What is the tens digit of u?
1
Let u(r) = -r**3 - 32*r**2 - 9*r + 28. What is the units digit of u(-32)?
6
Let p(h) = 46*h**2 + 3 - 36*h**2 + 3*h + 64*h**2 + h. What is the units digit of p(-1)?
3
Let z(d) = d**2 + 7*d + 1. Let i be z(-7). Suppose -9 